 - 41*l + 2559. What is w(-18)?
-3183
Let d(z) = -3*z**2 + 501*z - 474. What is d(163)?
1482
Let h(j) = 40*j**2 - 4776*j + 62651. Determine h(15).
11
Let k(u) = -32*u - 499. Calculate k(-12).
-115
Let t(o) = 7*o**3 - 4692*o**2 - 192138*o - 725. Calculate t(709).
-16
Let n(d) = 100*d - 46705. Determine n(467).
-5
Let p(c) = -c**2 + 1608*c + 19327. Calculate p(-12).
-113
Let s(n) = -6524*n - 12799. Calculate s(-2).
249
Let h(w) = 166*w**2 - 1343*w + 146. Calculate h(8).
26
Let h(w) = 31*w**2 - 110*w - 1148. Determine h(7).
-399
Let p(r) = -r**3 - 2773*r**2 + 5608*r - 103. What is p(2)?
13
Let r(d) = 512*d + 188718. Calculate r(-372).
-1746
Let a(z) = 3701*z - 314431. Calculate a(85).
154
Let t(f) = 204*f + 1722. Give t(-17).
-1746
Let z(b) = -b**3 - 27*b**2 - 31*b + 397. Give z(-28).
2049
Let h(y) = -22*y**2 - 35*y + 252. Calculate h(6).
-750
Let o(n) = -3033*n - 1510426. Calculate o(-498).
8
Let l(x) = 2638*x**2 + 26359*x - 217. Calculate l(-10).
-7
Let j(m) = 2*m**3 - 352*m**2 - 1442*m + 409. What is j(180)?
49
Let p(a) = 10*a**3 - 1351*a**2 + 113*a - 737. Determine p(135).
-3707
Let h(i) = 14*i**3 + 158*i**2 + 311*i + 32. Calculate h(-9).
-175
Let m(h) = 2*h**2 + 543*h + 32017. Calculate m(-87).
-86
Let t(p) = -p**3 + 124*p**2 - 152*p + 3460. Calculate t(123).
-107
Let r(t) = -2*t**2 + 143*t - 700. Calculate r(64).
260
Let i(t) = -257*t**2 - 2327*t - 111. Give i(-9).
15
Let s(b) = 66*b**2 + 30*b - 84. What is s(-6)?
2112
Let y(v) = -3*v**3 - 72*v**2 + 318*v - 70. Determine y(4).
-142
Let j(k) = k**3 + 263*k**2 - 2453*k - 1349. Calculate j(-272).
11
Let w(i) = 4*i**2 - 309*i + 1538. Give w(5).
93
Let s(l) = 6099*l**2 - 36560*l - 215. Give s(6).
-11
Let o(u) = -u**3 + 132*u**2 - 147*u + 2093. What is o(131)?
-3
Let j(m) = m**2 - 491*m + 49914. Give j(144).
-54
Let a(d) = 58752*d - 352525. Give a(6).
-13
Let i(d) = 455*d**2 + 257979*d - 3371. What is i(-567)?
31
Let n(r) = -1502*r**2 - 6982*r + 6983. Calculate n(1).
-1501
Let z(j) = 2*j**2 - 229*j - 3996. Determine z(131).
327
Let h(c) = c**3 + 16*c**2 - 20*c + 359. What is h(-18)?
71
Let w(h) = -h**2 + 2596*h - 196285. Give w(78).
119
Let y(h) = -64429*h + 1224141. Determine y(19).
-10
Let b(y) = -y**2 - 962*y + 13831. Calculate b(14).
167
Let z(d) = -2*d**3 + 29*d**2 + 559*d + 1956. Determine z(-7).
150
Let m(z) = -z**3 - 8*z**2 + 855*z + 4356. What is m(-5)?
6
Let m(p) = 759640*p - 17471718. Give m(23).
2
Let u(f) = -23152*f - 92610. What is u(-4)?
-2
Let h(s) = -s**2 + 408*s - 17844. Calculate h(358).
56
Let x(m) = m**3 + 35*m**2 + 312*m + 29. What is x(-22)?
-543
Let l(p) = -62*p**2 + 154*p - 38. Calculate l(7).
-1998
Let f(d) = 2*d**3 - 245*d**2 - 18851*d + 3342. What is f(176)?
-2
Let r(m) = 1803*m + 10805. What is r(-6)?
-13
Let q(v) = -v**2 + 1990*v - 375369. Give q(211).
0
Let y(n) = -897*n - 30316. What is y(-33)?
-715
Let j(y) = 41*y**2 + 11938*y + 2201. Calculate j(-291).
164
Let x(c) = -c**3 + 3*c**2 - 250*c + 1546. What is x(6)?
-62
Let w(s) = 95*s + 25370. What is w(-267)?
5
Let d(c) = -355*c - 15292. Calculate d(-43).
-27
Let a(p) = 224007*p + 1792070. What is a(-8)?
14
Let k(v) = -356*v**2 - 63368*v - 4. Determine k(-178).
-4
Let t(f) = -160*f**3 - f**2 + 40*f - 77. Determine t(2).
-1281
Let b(n) = 432*n + 121628. Give b(-282).
-196
Let r(m) = -m**2 - 1700*m + 1105409. Give r(502).
5
Let m(c) = 2*c**3 - 42*c**2 - 366*c + 29. Determine m(-8).
-755
Let v(x) = x**3 + 32*x**2 - 653*x - 395. What is v(-46)?
19
Let d(s) = 129573*s + 22675271. What is d(-175)?
-4
Let q(d) = -68*d + 291. Give q(17).
-865
Let v(p) = 2*p**2 - 7766*p + 77444. Calculate v(10).
-16
Let z(m) = -1274*m - 31872. Calculate z(-25).
-22
Let m(h) = 25208*h + 1436955. What is m(-57)?
99
Let p(d) = 92*d**2 + 139*d - 4. Calculate p(4).
2024
Let d(x) = x**2 + 33032*x + 5259513. What is d(-160)?
-7
Let m(b) = 5905*b**2 - 41400*b + 31. Calculate m(7).
-424
Let b(s) = -s**2 - 22169*s - 177275. Give b(-8).
13
Let t(u) = 10676*u - 298915. Give t(28).
13
Let h(c) = -1441*c**2 + 11517*c + 87. What is h(8)?
-1
Let m(d) = 9*d**2 + 628*d + 2375. Calculate m(-4).
7
Let h(p) = -2*p**3 + 160*p**2 - 2671*p - 101. Give h(24).
307
Let u(o) = -16*o - 38. Give u(-32).
474
Let j(t) = -12*t**3 + 309*t**2 + 122*t - 1253. What is j(26)?
-109
Let n(i) = -6129*i + 96952. Give n(16).
-1112
Let a(b) = 171*b - 13249. What is a(78)?
89
Let d(f) = f**3 - 13*f**2 - 202*f + 2572. Determine d(13).
-54
Let l(o) = -o**3 + 163*o**2 + 501*o - 290. What is l(166)?
208
Let s(k) = -k**3 + 4*k**2 - 850*k + 4180. What is s(5)?
-95
Let z(f) = f**3 + 352*f**2 - 1417*f + 2372. Calculate z(-356).
-120
Let p(m) = -m**3 - 6*m**2 - 5*m - 25. Give p(-5).
-25
Let n(p) = -2*p**3 + 13*p**2 + 598*p + 2928. Give n(-8).
0
Let q(i) = -i**3 - 2*i**2 + 139*i + 1247. Determine q(-10).
657
Let u(q) = 15*q**3 + 89*q**2 + 241*q + 1478. Determine u(-6).
-4
Let q(c) = 2*c**2 - 356*c + 13275. What is q(53)?
25
Let g(p) = -13*p**2 + 6422*p + 12847. What is g(-2)?
-49
Let l(c) = -38*c**3 + 226*c**2 + 445*c - 2622. Give l(6).
-24
Let j(d) = -17456*d - 226936. Give j(-13).
-8
Let w(g) = -94365*g - 1509760. Determine w(-16).
80
Let c(t) = 6731*t - 108406. Determine c(16).
-710
Let k(u) = 74460*u + 372292. Give k(-5).
-8
Let c(q) = -q**2 + 49*q + 1959. Give c(-26).
9
Let o(j) = j**3 - 23*j**2 - 2332*j - 28701. Give o(-18).
-9
Let c(k) = -k**3 - 54*k**2 + 843*k + 40122. Determine c(-56).
-814
Let z(p) = 6300*p + 18949. Give z(-3).
49
Let w(q) = -q**2 + 57*q + 368. Give w(-6).
-10
Let z(f) = -f**3 - 314*f**2 - 21941*f + 499. Determine z(-105).
79
Let m(x) = -8*x**3 - 364*x**2 - 288*x - 4861. Determine m(-45).
-1
Let k(b) = 45*b + 1756. Give k(-58).
-854
Let p(a) = -2*a**3 + 121*a**2 + 275*a + 2581. Calculate p(63).
61
Let q(i) = -11108*i + 88809. Calculate q(8).
-55
Let k(p) = 288*p + 18967. Determine k(-64).
535
Let d(c) = c**3 - 6*c**2 - 1067*c - 221. What is d(-31)?
-2701
Let w(h) = -32*h**2 + 1126*h + 5012. Determine w(-4).
-4
Let n(d) = -35*d**3 - 684*d**2 + 317*d - 36. Give n(-20).
24
Let a(q) = -q**2 - 3206*q + 71087. Determine a(22).
71
Let t(d) = -6*d**3 + 774*d**2 + 7445*d + 966. Give t(138).
0
Let q(w) = 335*w**2 - 4010*w - 70. What is q(12)?
50
Let o(b) = -52*b - 362. What is o(-17)?
522
Let c(g) = -4*g**2 + 136*g - 4418. Give c(29).
-3838
Let s(v) = -314*v + 21792. Calculate s(69).
126
Let j(d) = -83*d**2 - 10959*d - 405. What is j(-132)?
-9
Let r(s) = 267860*s - 1339296. Determine r(5).
4
Let j(k) = -129*k**2 + 1214*k - 82. Determine j(9).
395
Let p(j) = 2*j**3 + 539*j**2 + 795*j - 1848. What is p(-268)?
564
Let j(d) = -11*d**2 - 2117*d - 10215. Calculate j(-5).
95
Let n(k) = k**2 + 41*k - 1000. Calculate n(-74).
1442
Let r(l) = -4436*l - 4423. Calculate r(-1).
13
Let p(l) = 2*l**2 - 3238*l - 48785. Give p(-15).
235
Let q(h) = -20*h**2 + 2443*h + 37. Give q(122).
403
Let j(r) = 573*r + 33779. Give j(-59).
-28
Let y(c) = 363*c**3 + 6*c**2 - 82*c + 146. Give y(2).
2910
Let f(m) = 169*m**3 - 14*m**2 + 19. Calculate f(3).
4456
Let q(b) = 44*b**2 - 36*b + 505. Determine q(8).
3033
Let o(f) = f**3 + 120*f**2 - 405*f - 5158. Give o(-123).
-730
Let o(k) = 177*k + 1406. Give o(-6).
344
Let p(f) = -4*f**3 + 586*f**2 + 1799*f + 21. Calculate p(-3).
6
Let l(p) = p**2 + 536*p + 4821. Calculate l(-9).
78
Let u(j) = -59*j + 23779. Determine u(403).
2
Let z(m) = 6938*m - 55511. What is z(8)?
-7
Let d(t) = t**2 + 22*t - 746. What is d(-39)?
-83
Let d(j) = 232*j**2 - 7675*j + 610. Give d(33).
-17
Let j(f) = 126*f + 1611. Calculate j(-13).
-27
Let i(n) = -76*n**2 + 1347*n - 6689. Give i(5).
-1854
Let q(w) = 3*w**3 - 261*w**2 - 18*w - 285. Give q(87).
-1851
Let n(y) = -75342*y - 9568401. Determine n(-127).
33
Let o(z) = -11141*z + 55713. Give o(5).
8
Let h(a) = 2*a**3 + 214*a**2 - 1611*a - 193246. What is h(-106)?
-8
Let k(q) = -5*q**3 + 332*q**2 - 172*q - 160. Determine k(1).
-5
Let c(u) = 3*u**3 - 15*u**2 + 161*u - 715. Calculate c(5).
90
Let y(w) = -2*w**2 + 289*w - 9952. What is y(52)?
-332
Let l(n) = 670410*n + 2011241. What is l(-3)?
11
Let v(n) = 8789*n + 87964. What is v(-10)?
74
Let c(m) = 6045*m + 60119. Give c(-10).
-331
Let f(a) = 79*a**2 + 1230*a + 4049. What is f(-11)?
78
Let a(n) = -3*n**2 - 59*n - 262. Calculate a(-9).
26
Let i(b) = 8*b**2 + 322*b + 2591. What is i(-29)?
-19